s divided by h.
3
Suppose 90 = 3*i + 3*z, -4*z = i + 2*i - 95. Let l(o) = -12*o - 5. Let v be l(-9). Suppose -5*n + 458 = v. What is the remainder when n is divided by i?
21
Let j be ((-2)/5 + 10/25)/(-2). Suppose j*y - 5*y = -20. Calculate the remainder when 15 is divided by y.
3
Let g(s) be the third derivative of -2*s**4/3 - 13*s**3/6 + 39*s**2. What is the remainder when g(-5) is divided by 18?
13
Suppose 5*n - 41 + 11 = 0. What is the remainder when 236 is divided by n?
2
Let a = -68 - -14. What is the remainder when ((-6)/(-9))/((-2)/a) is divided by 7?
4
Let l(c) = c**2 + 5*c - 17. Suppose -4*n + 3*k + k + 12 = 0, 0 = 5*n - 3*k - 5. Let i be (-6)/(-4) + 19/n. Calculate the remainder when 27 is divided by l(i).
6
Let z be 4/(-10) - 154/(-10). Suppose 3*k - 15 = -2*k. Let m = z - k. Calculate the remainder when 35 is divided by m.
11
Let a be 3/(-15) + 8/(-10). Let h be (-81)/(-21) - a/7. Suppose -2 - h = z - 3*o, 3*z = 2*o + 3. What is the remainder when 11 is divided by z?
2
Let o(t) = t**3 - 8*t**2 - 19*t - 8. Let d be o(10). What is the remainder when (-1488)/(-20) - d/10*2 is divided by 25?
24
Suppose 25*z - 120 = 15*z. What is the remainder when (-3 + 1)*((-196)/8 - 4) is divided by z?
9
Let r = 950 + -916. Calculate the remainder when 90 is divided by r.
22
Let s = -17 + 19. Suppose 0 = -s*x + 4 + 36. Calculate the remainder when x is divided by 8.
4
Let u be 1/((-3)/(-12)) - 2. Suppose -3*j = u*p - 123, 103 = 2*p + 2*j - 3*j. Suppose -2*z + 20 = -8. What is the remainder when p is divided by z?
12
Suppose -3 = 7*d - 8*d. What is the remainder when (-2 + d)*65/5 is divided by 5?
3
Let k(p) = p**3 + 21*p**2 - p - 6. What is the remainder when 58 is divided by k(-21)?
13
Let r be ((-9)/(-2) - 2)*(13 + -1). What is the remainder when (-6)/r - 194/20*-6 is divided by 20?
18
Suppose 0 = -5*m + 6*g + 327, -m + 71 = -0*m - 4*g. What is the remainder when 626 is divided by m?
59
Suppose d + 2 - 25 = 0. Calculate the remainder when 5/(50/(-6)) - (-393)/5 is divided by d.
9
Calculate the remainder when 144 is divided by (-516)/(-10) + 64/(-40).
44
Suppose -5*v - 4*x + 3268 = -0*v, -2*v = x - 1309. Suppose 10*h + v = 18*h. Calculate the remainder when h is divided by 29.
24
Suppose 0 = -233*t + 236*t + 2*q - 364, 136 = t - 3*q. What is the remainder when t is divided by (-8)/36 - 290/(-9)?
28
Suppose 4*y = -12*d + 8*d + 388, -y + 4*d + 117 = 0. Calculate the remainder when 316 is divided by y.
13
Let t(m) = m**3 + 8*m**2 - 6*m + 1. Suppose 5*x = -4*q + 20, -2*x - q = x - 12. Let a be -11 - (-2 - x)/2. Calculate the remainder when t(a) is divided by 17.
15
Suppose 9125 + 5115 = 32*o. Calculate the remainder when o is divided by 56.
53
Let a(f) = -15*f**3 + 2*f**2 + 3*f. Suppose -3*l = -9*l - 12. Let o = 43 + -12. Calculate the remainder when a(l) is divided by o.
29
Let d(a) be the second derivative of -a**3/6 + 10*a**2 - 14*a. What is the remainder when d(17) is divided by 3?
0
Suppose 0 = 2*f + 6*f - 64. Suppose 46 = f*c - 474. What is the remainder when c is divided by 22?
21
Suppose 8 = -v + 5*v. Let i be 78/12 - 3/v. Suppose -4*k + 72 = i*l - 13, -3*k - 3*l + 66 = 0. What is the remainder when k is divided by 13?
12
Calculate the remainder when 71 is divided by 6 + (33 - 7 - 6).
19
Suppose 0*d + y + 3 = 2*d, 3*y - 12 = -d. Let t(m) = d - m - 2 - 6 + 4. What is the remainder when 33 is divided by t(-13)?
9
Suppose -m + 5 + 3 = c, 56 = 3*m - 5*c. Calculate the remainder when m is divided by 3.
0
Suppose 47*m + 138 = 49*m. Let z(r) = 8*r**2 - 1. Calculate the remainder when m is divided by z(-1).
6
Let w = -106 + 74. Calculate the remainder when 55 is divided by 4 + w/(-2) - 1.
17
Let d(m) = -2*m**2 - m + 10. Calculate the remainder when 30 is divided by d(0).
0
Let y = -9 + 21. Let x = y - 9. Calculate the remainder when x is divided by (-2)/(-9) + 125/45.
0
Let z be -3 - (-1 - 2 - -2). Let n be z/(-3) + 50/15. What is the remainder when 168/n*1/2 is divided by 6?
3
Let o = 940 + -864. What is the remainder when 251 is divided by o?
23
Let y = 47 - 45. What is the remainder when 73 is divided by (-133)/(-14)*(4 - y)?
16
Suppose 145*g = 141*g. Suppose 3*q = 9, g*d + 3*d = -5*q + 72. What is the remainder when 151 is divided by d?
18
Let k be (-5)/(10/4) + 61. Suppose 0 = -3*o + 3*b + 93, 0*o = -2*o + b + k. Calculate the remainder when o is divided by 10.
8
Let a(y) = y**3 - 10*y**2 + 2*y - 8. Let n be a(10). Let z = n + 1. Let u(o) = 2*o**2 - 6*o - 6. Calculate the remainder when u(-4) is divided by z.
11
Suppose 4*w + 140 = 3*n, -7*n + 155 = -3*n + w. Suppose -5*v + 5 = 4*l, 2 = 3*v + 4*l - 1. Calculate the remainder when n is divided by ((-7)/4)/(v/(-8)).
12
Let m(d) = -3 + 3 + 30*d**3 - 2*d**2 + d. Let y(b) = 5*b - 4. Let r be y(1). What is the remainder when m(r) is divided by 8?
5
Let x(o) = 5*o + 111. What is the remainder when x(-16) is divided by 14?
3
Let a(v) = 2*v**2 - 8*v + 9. Suppose 4*i + 20 = 0, 4*i + 6 = 5*q - 34. Let c be (7/2)/(q/8). What is the remainder when a(c) is divided by 18?
15
Suppose -37 = 5*a - 347. Let h = -51 + a. Let s(z) = -16*z. Calculate the remainder when s(-2) is divided by h.
10
Let y = -2 - -5. Suppose 0 = -i + g + 9, 0*g - g - 24 = -4*i. Suppose 3*t + 14 = 4*s + 4, -3*s + i*t = -2. Calculate the remainder when s is divided by y.
1
Suppose 9*l - 30 = 3*l. Suppose 0 = -5*j + 4*d + 469, 0 = -4*j + 4*d - l*d + 371. What is the remainder when j is divided by 12?
9
Suppose -15 = -3*s + 2*g, s - g - 6 = -0*s. Let w be 3*(-1)/s*3. Let p(b) = b**2 - b - 2. Calculate the remainder when p(w) is divided by 6.
4
Suppose 25*g = 31*g - 708. What is the remainder when g is divided by 7?
6
Suppose 77 + 3 = 2*l. Suppose -5*t + t + l = 0. What is the remainder when 13 is divided by t?
3
Suppose 29*t + 32 = 30*t. What is the remainder when t is divided by 11?
10
Let g(u) = 77*u**2 + 2. Calculate the remainder when g(2) is divided by 81.
67
Suppose 0 = 3*a - 9*a + 396. Calculate the remainder when a is divided by 36.
30
Let s(c) = 3*c**2 - 13. What is the remainder when 22 is divided by s(-3)?
8
Let c = -132 - -394. What is the remainder when c is divided by 33?
31
Calculate the remainder when ((-2)/20)/(9/(-378))*25 is divided by 39.
27
Let u = -49 + 59. Suppose -5*j = -u*j + 130. What is the remainder when 49 is divided by j?
23
Suppose -3*p + 2*a + 266 = 0, 3*a = -p + a + 94. Calculate the remainder when 198 is divided by p.
18
Suppose -269*c = -242*c - 297. Calculate the remainder when 30 is divided by c.
8
Let h(w) = 17 + 13*w + 3 - 8 + w**3 + 13*w**2. Let b be h(-12). Let d(a) = -a**3 + a + 58. Calculate the remainder when d(b) is divided by 12.
10
Suppose 38 = 2*z - 4*o, 2*o - 107 = 12*z - 17*z. Suppose z*v - 663 - 492 = 0. Calculate the remainder when v is divided by 29.
26
Suppose 5*m = 3*j + 432, 0 = 4*m - 5*j - 366 + 23. Calculate the remainder when m is divided by 44.
43
Let z be 4/20 - 16/5. Let j = 4 + z. What is the remainder when (3 - j) + -6 + 60 is divided by 19?
18
Suppose s = 2*s - 200. Suppose -o = -0*o + 4*l - 30, 4*l + s = 4*o. Let w = o - 28. Calculate the remainder when w is divided by 10.
8
Let l = -288 - -855. Calculate the remainder when l is divided by 10.
7
Let g(v) = -20*v + 254. What is the remainder when g(0) is divided by 43?
39
Suppose 2*l - 3*x = 137, -3*x = 4*l + x - 284. What is the remainder when l is divided by (-3)/15 + (-182)/(-10)?
16
Let x = -1 + 135. Suppose 2*y - x = -2*y + 3*j, 0 = -3*y + 4*j + 97. Let g(c) = c**3 - c**2 - 3*c + 3. Calculate the remainder when y is divided by g(3).
11
Let i(z) = 12*z + 5. What is the remainder when i(1) is divided by 4?
1
Suppose -g + 6*g - i = 392, 4*g + 3*i = 325. Let h be 20/(-50) - (-4)/10. Let b(x) = 3*x + 20. What is the remainder when g is divided by b(h)?
19
Let v(w) = -w**2 + 5*w - 4. Let d be v(2). Calculate the remainder when ((7 - 5) + -20)/(d/(-16)) is divided by 21.
18
Let a(l) = -l**3 - 5*l**2 + 13*l + 3. Calculate the remainder when 85 is divided by a(-7).
5
Calculate the remainder when (737/(-66))/((-3)/18) is divided by 18.
13
Calculate the remainder when 8*9 - (-60)/15 is divided by 4.
0
Let n(r) = -2*r + 2. Let x be n(-2). Calculate the remainder when 1/(39/x) - (-267)/39 is divided by 3.
1
Let n(d) = -d**3 - 10*d**2 